*p + 18. Suppose -2*m = -p*m + z + 19880, 0 = 4*m + 3*z - 19864. Is m composite?
False
Suppose p - 147766 = o - 28629, 5*p = o + 595701. Is p a composite number?
True
Let k = -293 - -2368. Let d = 3972 - k. Is d a composite number?
True
Let n be (-2)/(-3)*2/(-4)*33. Let t(g) = -5*g**3 - 10*g**2 + 7*g - 21. Is t(n) composite?
False
Suppose 8*t - 15 + 7 = 0. Let f(h) = -9*h + 2*h**2 + 11*h + 38*h**3 - 3*h**2 - t. Is f(1) a composite number?
True
Let j(u) = 17*u**2 + 2*u - 1. Let t(y) = -y**3 - 2*y**2 + 2. Let g be (-3)/(-6*(-4)/16). Let x be t(g). Is j(x) a composite number?
False
Suppose 5*f + 105 = -5*g, 2*f = 2*g - 0*g + 58. Let l = 33 + g. Suppose -l*p + 13*p = 1270. Is p a prime number?
False
Let h be (-2 - 1)/((-5)/35). Is 0 + 1 - (-77406)/h a composite number?
True
Suppose 7*x - 8*x + 11 = 2*v, -3*x = -5*v + 11. Suppose -3*s - k + 4195 = 0, 5*s - 4746 - 2243 = -x*k. Is s composite?
False
Let b(z) = -19*z + 13. Suppose 0 = 3*v + 5*m - 20, 0*v - 2*v + 4*m = -6. Suppose -44 = 4*i + 2*x, 2*x + 48 = -v*i + 3*x. Is b(i) composite?
True
Suppose -4*o = -4*w - 560, -5*o - 3*w = -0*o - 700. Let s = o - -665. Suppose 8*r + s = 13*r. Is r a prime number?
False
Suppose p = -5*m + 812645 - 40055, 2*m + 2*p - 309028 = 0. Is m a prime number?
False
Let s = -138 + 240. Let a = 105 - s. Suppose h - 1882 = -7*u + 4*u, 3*u - a*h = 1902. Is u a prime number?
False
Let k = 107081 - -12666. Is k a prime number?
True
Suppose 8861 = 39*g - 2410. Let h = 3282 + g. Is h a composite number?
False
Suppose -29*l + 592375 = -102204. Is l prime?
False
Suppose -115775 - 65707 = -174*i. Is i composite?
True
Suppose -65208 = 5*o + 3*o. Let x = 13474 + o. Is x a prime number?
True
Let c = 0 + 0. Suppose d + 2*k + 3 = -c*k, 0 = 2*d + k - 3. Suppose -4*h + 28343 = d*h. Is h composite?
False
Let i(f) = -2*f - 3 - 3*f**3 + 20*f**2 - 8 - 9*f**2 + 3*f. Let r(z) = -z**3 + z**2 + z - 1. Let o(v) = i(v) - 2*r(v). Is o(4) prime?
True
Let v = 51737 + -4398. Is v prime?
True
Let p = -61 + 72. Suppose x - 14 = -p. Suppose 0 = x*n + 972 - 7971. Is n a composite number?
False
Suppose 29*m - 14501391 = 17*m - 39*m. Is m a composite number?
False
Suppose c + w - 11 = 0, -c + w + 0*w + 1 = 0. Let y(p) = 2402*p - 49. Is y(c) a prime number?
False
Suppose 7 + 0 = t + 5*v, -5*t - 3*v = 75. Is (t/(-27))/(1/6) - -1477 composite?
False
Suppose -22*d - 112515646 = -124*d - 32*d. Is d prime?
True
Suppose -265*z + 267*z - 504815 = -5*k, 0 = 3*k + 5*z - 302889. Is k a prime number?
False
Let z be 8/(-40) + 11/5. Suppose l - 1403 = z*g, -4*g - 4446 - 1182 = -4*l. Suppose -11*r - l = -7142. Is r prime?
True
Let y(f) = -f**3 + 12*f**2 + 12*f + 19. Let r be y(13). Suppose 4*k - r*n + n = 2753, 2*k = 2*n + 1374. Suppose 129 = -q + k. Is q a prime number?
False
Suppose 5*n = -3*s + 4091 + 392, 2*n - 4*s = 1788. Suppose 2*i = 1268 + n. Is i prime?
False
Let i(t) = -164*t**3 + 4*t**2 - 3*t + 2. Let f(c) = 7 - 35*c**2 - 493*c**3 - 11*c + 48*c**2 + c. Let o(h) = 2*f(h) - 7*i(h). Is o(1) composite?
True
Let x = 33 + -35. Let w be 11/22 + (-295)/x. Let z = -89 + w. Is z composite?
False
Let k(p) be the second derivative of -373*p**3/3 + 15*p**2/2 + 7*p - 2. Is k(-4) composite?
False
Let c = -1672 + 4845. Let m = c - 216. Is m a composite number?
False
Let y(k) = 4*k**2 - 2 + 65*k - 1 - 34*k - 3. Let c be y(-8). Suppose 1969 = 5*h + c*j, -380 - 1182 = -4*h + 5*j. Is h a prime number?
False
Suppose -2*c + 5*r - 5 = -31, 2*r = -3*c + 20. Suppose 20386 - 163434 = -c*s. Is s a composite number?
False
Is (266021002/(-4147))/((-4)/22) a composite number?
False
Let y(c) = -17*c + 21 + 6*c**3 - 6*c**2 + 15 - 19. Is y(8) a composite number?
True
Suppose -250*d + 251*d - x = 224361, d + 5*x - 224337 = 0. Is d a prime number?
False
Let d = 306 - 304. Suppose 0 = d*g + z - 1266, 12*z - 1917 = -3*g + 15*z. Is g prime?
False
Let p = -305 + 306. Is (11907 - p)/((-9)/((-27)/6)) prime?
True
Suppose 4*a - 5*g - 220 = -a, -5*g = 4*a - 131. Let t = -29 + a. Is (t + -9)/(2/838) a prime number?
True
Suppose -5*a + 51956 = -w, 0 = 2*a - 4*w + 353 - 21139. Is a a prime number?
True
Suppose 76512 = 3*l - l. Suppose l = -0*i + 16*i. Is i prime?
False
Let g be ((-1)/4 - 2)/((-123)/328). Suppose 10*d - g*d = z + 650, -4*d - z = -654. Is d a prime number?
True
Let k(f) = 14*f**2 - 7*f - 6. Suppose a - 71 = 4*y, y + a - 53 = 4*y. Let q be ((-6)/y*1)/((-1)/15). Is k(q) composite?
False
Let y be 3 + 2 + (-8 - -13). Is ((-29264)/y - (-57)/(-95))*-1 a composite number?
False
Suppose 4*v = -9*v - 377663. Let p = 45042 + v. Is p a composite number?
False
Let p(k) = -6*k + 57*k**3 - 21*k**3 - 26*k**3 - 14*k**2. Let y be p(5). Is y/9*(-15)/(-10) prime?
False
Suppose 25 = 5*y + 2*o, 3*y - 5 = -2*y + 2*o. Let v be ((-3658)/y - 3)*3. Let b = v + 6830. Is b composite?
False
Let p(h) = 3*h**3 + 16*h**2 - 10*h + 3. Let l be p(-6). Let g(k) = 175*k**2 - 3*k + 49. Is g(l) a composite number?
False
Let k(d) = -392*d + 13. Let z(r) = 783*r - 26. Let m(i) = -11*k(i) - 6*z(i). Let x(w) = -w**3 - 9*w**2 + 37*w + 4. Let l be x(-12). Is m(l) a prime number?
False
Suppose -7*t - 20693 = -2*s - 10*t, -t = -5*s + 51690. Suppose -l + 102 + 3346 = f, -3*l = 2*f - s. Is l a composite number?
True
Let t be (9 - 79686/(-30))*20/6. Suppose 43*g - 39*g - t = 0. Is g a composite number?
False
Let l = 74 - 204. Let u = 126 + l. Let c(r) = -37*r**3 + r**2 - 2*r - 6. Is c(u) prime?
False
Suppose -250*k - f + 6348 = -246*k, -2*f - 16 = 0. Is k composite?
True
Let d be (-35)/(-10) + -2 + 2/4. Suppose 0 = d*y - 7*y + 15. Suppose 0 = y*j - 2*h - 1029, -184 + 519 = j + 2*h. Is j a composite number?
True
Let j = -98 - -383. Let i = -151 + j. Suppose -i = -m - h - 0*h, 0 = 2*m - 5*h - 261. Is m prime?
False
Let a(b) be the second derivative of 447*b**3/2 + b**2 + 20*b. Let l be a(3). Suppose 5*r = l - 715. Is r a prime number?
False
Is (-17884420)/(-12)*((-144)/15)/(-16) prime?
True
Suppose v - 1 = 0, -p - 27 = -2*v - 33. Let r(a) = 1451*a - 305. Is r(p) a composite number?
True
Suppose -4*y - 5*j = 54, y - 5*j = -3*j - 7. Let z be y/7 + 9/(-21). Is (-4 + 4 - z) + (518 - 1) a composite number?
True
Suppose -4*g + 8*g + 10*g - 1422722 = 0. Is g a prime number?
False
Suppose 18*k + 507993 = 5*k + 2580284. Is k a prime number?
True
Let t(j) = -122*j + 19. Let u(f) = 243*f - 37. Let k(s) = 9*t(s) + 4*u(s). Let z be k(-11). Suppose 2*b - 7845 - z = 4*q, 9249 = 2*b - 5*q. Is b composite?
False
Suppose -5*y = -2*h + 362321, 0 = -30*h + 25*h - 4*y + 905819. Is h a prime number?
False
Let x(y) = -63*y + 47. Let m(d) = -4*d**3 + 3*d**2 - d + 1. Let z be m(2). Let o be -18*16/28 - 6/z. Is x(o) a composite number?
False
Suppose u = 4*w - 5074, 3*u + 769 - 3299 = -2*w. Let r be 3*7/9*3. Suppose -r*v + w = -3*v. Is v a composite number?
False
Let y(x) = 228*x + 19. Let b(u) = 913*u + 86. Let z(n) = -2*b(n) + 9*y(n). Let s be (6/(-3))/((-2)/3). Is z(s) a composite number?
False
Suppose 20147869 = 1781*p - 1732*p. Is p prime?
False
Let p(g) be the second derivative of 256*g**3/3 - 175*g**2/2 + 11*g - 9. Is p(7) a prime number?
False
Let a be (25 + -24)/((-1)/(-1656)). Suppose v + s - a = 0, -13*s + 18*s = -v + 1652. Is v a prime number?
True
Suppose -u - 10631 = -22*u + 58060. Is u a composite number?
False
Let u(i) = -962*i - 17. Let j be u(2). Let p = j - -3344. Is p a prime number?
False
Let b be (-5)/(-4) - 9/(-12). Suppose -b*w - 3*w = 10. Let d(s) = 170*s**2 + 2*s + 1. Is d(w) a composite number?
False
Let y(k) = -k**3 + 9*k**2 - 2*k - 9. Let g be y(8). Suppose -4*x - 15 = -g. Suppose x*o - 2065 = o. Is o a prime number?
False
Suppose 3728 = -o + 46526. Suppose 8*p = -13*p + o. Is p prime?
False
Let v(q) = -48*q**3 + 3*q**2 + 67*q + 107. Is v(-6) a composite number?
False
Let z(n) = -n**3 + 4*n**2 - 2*n - 1. Let i be z(2). Suppose 13677 = 4*h + p, -6831 = -2*h + 4*p - i*p. Is h a prime number?
False
Let o(j) = -688*j - 999. Is o(-17) a prime number?
False
Let i = 64 - -64. Let r = i - 150. Is (-1954)/r + (-16)/(-88) prime?
True
Let u(a) = 25190*a - 3911. Is u(8) prime?
True
Let r(s) = 2320*s - 3 - 7458*s + 3 - 1. Is r(-1) a prime number?
False
Is (2/4)/(91/25003706) prime?
True
Suppose -19322 - 22697 = -d. Is d a prime number?
True
Let y = 31 - 28. Suppose -2*m - 410 = -y*m. Suppose -p = 4*u